[INFO] fetching crate benchy 0.1.1...
[INFO] testing benchy-0.1.1 against master#2fe50cd72c476ebacdedb14893e9632b4de961c2 for pr-116088-2
[INFO] extracting crate benchy 0.1.1 into /workspace/builds/worker-6-tc1/source
[INFO] validating manifest of crates.io crate benchy 0.1.1 on toolchain 2fe50cd72c476ebacdedb14893e9632b4de961c2
[INFO] running `Command { std: CARGO_HOME="/workspace/cargo-home" RUSTUP_HOME="/workspace/rustup-home" "/workspace/cargo-home/bin/cargo" "+2fe50cd72c476ebacdedb14893e9632b4de961c2" "metadata" "--manifest-path" "Cargo.toml" "--no-deps", kill_on_drop: false }`
[INFO] started tweaking crates.io crate benchy 0.1.1
[INFO] finished tweaking crates.io crate benchy 0.1.1
[INFO] tweaked toml for crates.io crate benchy 0.1.1 written to /workspace/builds/worker-6-tc1/source/Cargo.toml
[INFO] running `Command { std: CARGO_HOME="/workspace/cargo-home" RUSTUP_HOME="/workspace/rustup-home" "/workspace/cargo-home/bin/cargo" "+2fe50cd72c476ebacdedb14893e9632b4de961c2" "generate-lockfile" "--manifest-path" "Cargo.toml", kill_on_drop: false }`
[INFO] [stderr]     Blocking waiting for file lock on package cache
[INFO] [stderr]     Updating crates.io index
[INFO] running `Command { std: CARGO_HOME="/workspace/cargo-home" RUSTUP_HOME="/workspace/rustup-home" "/workspace/cargo-home/bin/cargo" "+2fe50cd72c476ebacdedb14893e9632b4de961c2" "fetch" "--manifest-path" "Cargo.toml", kill_on_drop: false }`
[INFO] [stderr]     Blocking waiting for file lock on package cache
[INFO] [stderr]     Blocking waiting for file lock on package cache
[INFO] [stderr]  Downloading crates ...
[INFO] [stderr]   Downloaded memory-stats v1.1.0
[INFO] [stderr]   Downloaded benchy-macros v0.1.1
[INFO] [stderr]   Downloaded serde_json v1.0.108
[INFO] [stderr]   Downloaded serde_derive v1.0.193
[INFO] [stderr]   Downloaded nix v0.27.1
[INFO] running `Command { std: "docker" "create" "-v" "/var/lib/crater-agent-workspace/builds/worker-6-tc1/target:/opt/rustwide/target:rw,Z" "-v" "/var/lib/crater-agent-workspace/builds/worker-6-tc1/source:/opt/rustwide/workdir:ro,Z" "-v" "/var/lib/crater-agent-workspace/cargo-home:/opt/rustwide/cargo-home:ro,Z" "-v" "/var/lib/crater-agent-workspace/rustup-home:/opt/rustwide/rustup-home:ro,Z" "-e" "SOURCE_DIR=/opt/rustwide/workdir" "-e" "CARGO_TARGET_DIR=/opt/rustwide/target" "-e" "CARGO_HOME=/opt/rustwide/cargo-home" "-e" "RUSTUP_HOME=/opt/rustwide/rustup-home" "-w" "/opt/rustwide/workdir" "-m" "1610612736" "--user" "0:0" "--network" "none" "ghcr.io/rust-lang/crates-build-env/linux@sha256:2788e3201cd34a07e3172128adcd8b3090168a8e3bcc40d7c032b9dda1df7d1c" "/opt/rustwide/cargo-home/bin/cargo" "+2fe50cd72c476ebacdedb14893e9632b4de961c2" "metadata" "--no-deps" "--format-version=1", kill_on_drop: false }`
[INFO] [stdout] 7af2e29f5c2142c2a10677e938c6a644a5b44fc22fe2183a64bed1797f5a9a95
[INFO] running `Command { std: "docker" "start" "-a" "7af2e29f5c2142c2a10677e938c6a644a5b44fc22fe2183a64bed1797f5a9a95", kill_on_drop: false }`
[INFO] running `Command { std: "docker" "inspect" "7af2e29f5c2142c2a10677e938c6a644a5b44fc22fe2183a64bed1797f5a9a95", kill_on_drop: false }`
[INFO] running `Command { std: "docker" "rm" "-f" "7af2e29f5c2142c2a10677e938c6a644a5b44fc22fe2183a64bed1797f5a9a95", kill_on_drop: false }`
[INFO] [stdout] 7af2e29f5c2142c2a10677e938c6a644a5b44fc22fe2183a64bed1797f5a9a95
[INFO] running `Command { std: "docker" "create" "-v" "/var/lib/crater-agent-workspace/builds/worker-6-tc1/target:/opt/rustwide/target:rw,Z" "-v" "/var/lib/crater-agent-workspace/builds/worker-6-tc1/source:/opt/rustwide/workdir:ro,Z" "-v" "/var/lib/crater-agent-workspace/cargo-home:/opt/rustwide/cargo-home:ro,Z" "-v" "/var/lib/crater-agent-workspace/rustup-home:/opt/rustwide/rustup-home:ro,Z" "-e" "SOURCE_DIR=/opt/rustwide/workdir" "-e" "CARGO_TARGET_DIR=/opt/rustwide/target" "-e" "CARGO_INCREMENTAL=0" "-e" "RUST_BACKTRACE=full" "-e" "RUSTFLAGS=--cap-lints=forbid" "-e" "RUSTDOCFLAGS=--cap-lints=forbid" "-e" "CARGO_HOME=/opt/rustwide/cargo-home" "-e" "RUSTUP_HOME=/opt/rustwide/rustup-home" "-w" "/opt/rustwide/workdir" "-m" "1610612736" "--user" "0:0" "--network" "none" "ghcr.io/rust-lang/crates-build-env/linux@sha256:2788e3201cd34a07e3172128adcd8b3090168a8e3bcc40d7c032b9dda1df7d1c" "/opt/rustwide/cargo-home/bin/cargo" "+2fe50cd72c476ebacdedb14893e9632b4de961c2" "build" "--frozen" "--message-format=json", kill_on_drop: false }`
[INFO] [stdout] 11c1f44530265ae9ccff93829873cedfc2d927f520c7a8b962f83eaa71a1b561
[INFO] running `Command { std: "docker" "start" "-a" "11c1f44530265ae9ccff93829873cedfc2d927f520c7a8b962f83eaa71a1b561", kill_on_drop: false }`
[INFO] [stderr]    Compiling proc-macro2 v1.0.71
[INFO] [stderr]    Compiling unicode-ident v1.0.12
[INFO] [stderr]    Compiling libc v0.2.151
[INFO] [stderr]    Compiling serde v1.0.193
[INFO] [stderr]    Compiling serde_json v1.0.108
[INFO] [stderr]    Compiling bitflags v2.4.1
[INFO] [stderr]    Compiling itoa v1.0.10
[INFO] [stderr]    Compiling ryu v1.0.16
[INFO] [stderr]    Compiling cfg-if v1.0.0
[INFO] [stderr]    Compiling quote v1.0.33
[INFO] [stderr]    Compiling syn v2.0.43
[INFO] [stderr]    Compiling nix v0.27.1
[INFO] [stderr]    Compiling memory-stats v1.1.0
[INFO] [stderr]    Compiling serde_derive v1.0.193
[INFO] [stderr]    Compiling benchy-macros v0.1.1
[INFO] [stderr]    Compiling benchy v0.1.1 (/opt/rustwide/workdir)
[INFO] [stderr]     Finished dev [unoptimized + debuginfo] target(s) in 13.42s
[INFO] running `Command { std: "docker" "inspect" "11c1f44530265ae9ccff93829873cedfc2d927f520c7a8b962f83eaa71a1b561", kill_on_drop: false }`
[INFO] running `Command { std: "docker" "rm" "-f" "11c1f44530265ae9ccff93829873cedfc2d927f520c7a8b962f83eaa71a1b561", kill_on_drop: false }`
[INFO] [stdout] 11c1f44530265ae9ccff93829873cedfc2d927f520c7a8b962f83eaa71a1b561
[INFO] running `Command { std: "docker" "create" "-v" "/var/lib/crater-agent-workspace/builds/worker-6-tc1/target:/opt/rustwide/target:rw,Z" "-v" "/var/lib/crater-agent-workspace/builds/worker-6-tc1/source:/opt/rustwide/workdir:ro,Z" "-v" "/var/lib/crater-agent-workspace/cargo-home:/opt/rustwide/cargo-home:ro,Z" "-v" "/var/lib/crater-agent-workspace/rustup-home:/opt/rustwide/rustup-home:ro,Z" "-e" "SOURCE_DIR=/opt/rustwide/workdir" "-e" "CARGO_TARGET_DIR=/opt/rustwide/target" "-e" "CARGO_INCREMENTAL=0" "-e" "RUST_BACKTRACE=full" "-e" "RUSTFLAGS=--cap-lints=forbid" "-e" "RUSTDOCFLAGS=--cap-lints=forbid" "-e" "CARGO_HOME=/opt/rustwide/cargo-home" "-e" "RUSTUP_HOME=/opt/rustwide/rustup-home" "-w" "/opt/rustwide/workdir" "-m" "1610612736" "--user" "0:0" "--network" "none" "ghcr.io/rust-lang/crates-build-env/linux@sha256:2788e3201cd34a07e3172128adcd8b3090168a8e3bcc40d7c032b9dda1df7d1c" "/opt/rustwide/cargo-home/bin/cargo" "+2fe50cd72c476ebacdedb14893e9632b4de961c2" "test" "--frozen" "--no-run" "--message-format=json", kill_on_drop: false }`
[INFO] [stdout] b43dd22154da823d0ab952649db4438ededde59d4b7fd133e9ff0e28b5a8514a
[INFO] running `Command { std: "docker" "start" "-a" "b43dd22154da823d0ab952649db4438ededde59d4b7fd133e9ff0e28b5a8514a", kill_on_drop: false }`
[INFO] [stderr]    Compiling benchy v0.1.1 (/opt/rustwide/workdir)
[INFO] [stderr]     Finished test [unoptimized + debuginfo] target(s) in 2.07s
[INFO] running `Command { std: "docker" "inspect" "b43dd22154da823d0ab952649db4438ededde59d4b7fd133e9ff0e28b5a8514a", kill_on_drop: false }`
[INFO] running `Command { std: "docker" "rm" "-f" "b43dd22154da823d0ab952649db4438ededde59d4b7fd133e9ff0e28b5a8514a", kill_on_drop: false }`
[INFO] [stdout] b43dd22154da823d0ab952649db4438ededde59d4b7fd133e9ff0e28b5a8514a
[INFO] running `Command { std: "docker" "create" "-v" "/var/lib/crater-agent-workspace/builds/worker-6-tc1/target:/opt/rustwide/target:rw,Z" "-v" "/var/lib/crater-agent-workspace/builds/worker-6-tc1/source:/opt/rustwide/workdir:ro,Z" "-v" "/var/lib/crater-agent-workspace/cargo-home:/opt/rustwide/cargo-home:ro,Z" "-v" "/var/lib/crater-agent-workspace/rustup-home:/opt/rustwide/rustup-home:ro,Z" "-e" "SOURCE_DIR=/opt/rustwide/workdir" "-e" "CARGO_TARGET_DIR=/opt/rustwide/target" "-e" "CARGO_INCREMENTAL=0" "-e" "RUST_BACKTRACE=full" "-e" "RUSTFLAGS=--cap-lints=forbid" "-e" "RUSTDOCFLAGS=--cap-lints=forbid" "-e" "CARGO_HOME=/opt/rustwide/cargo-home" "-e" "RUSTUP_HOME=/opt/rustwide/rustup-home" "-w" "/opt/rustwide/workdir" "-m" "1610612736" "--user" "0:0" "--network" "none" "ghcr.io/rust-lang/crates-build-env/linux@sha256:2788e3201cd34a07e3172128adcd8b3090168a8e3bcc40d7c032b9dda1df7d1c" "/opt/rustwide/cargo-home/bin/cargo" "+2fe50cd72c476ebacdedb14893e9632b4de961c2" "test" "--frozen", kill_on_drop: false }`
[INFO] [stdout] 12da739382e91a811f60c64009bc7d877a7873edf4180e49c85ea008f16941b6
[INFO] running `Command { std: "docker" "start" "-a" "12da739382e91a811f60c64009bc7d877a7873edf4180e49c85ea008f16941b6", kill_on_drop: false }`
[INFO] [stderr]     Finished test [unoptimized + debuginfo] target(s) in 0.03s
[INFO] [stderr]      Running unittests src/lib.rs (/opt/rustwide/target/debug/deps/benchy-2c75cdcf93f027a7)
[INFO] [stdout] 
[INFO] [stdout] running 0 tests
[INFO] [stdout] 
[INFO] [stdout] test result: ok. 0 passed; 0 failed; 0 ignored; 0 measured; 0 filtered out; finished in 0.00s
[INFO] [stdout] 
[INFO] [stderr]      Running tests/empty.rs (/opt/rustwide/target/debug/deps/empty-935d6a84534f4962)
[INFO] [stdout] 
[INFO] [stdout] running 2 tests
[INFO] [stdout] test empty_with_name ... ok
[INFO] [stderr]      Running tests/iterations.rs (/opt/rustwide/target/debug/deps/iterations-fbd8d4160103aa0b)
[INFO] [stdout] test empty ... ok
[INFO] [stdout] 
[INFO] [stdout] test result: ok. 2 passed; 0 failed; 0 ignored; 0 measured; 0 filtered out; finished in 0.01s
[INFO] [stdout] 
[INFO] [stdout] 
[INFO] [stdout] running 6 tests
[INFO] [stdout] test test_iterations_sleep_10 ... ok
[INFO] [stderr] error: test failed, to rerun pass `--test iterations`
[INFO] [stdout] test test_iterations_benchmark_with ... FAILED
[INFO] [stdout] test test_iterations_benchmark_with_5 ... ok
[INFO] [stdout] test test_iterations_benchmark_5 ... ok
[INFO] [stdout] test test_iterations_benchmark ... FAILED
[INFO] [stdout] test test_iterations_sleep_5 ... ok
[INFO] [stdout] 
[INFO] [stdout] failures:
[INFO] [stdout] 
[INFO] [stdout] ---- test_iterations_benchmark_with stdout ----
[INFO] [stdout] thread 'test_iterations_benchmark_with' panicked at tests/iterations.rs:63:5:
[INFO] [stdout] assertion `left == right` failed
[INFO] [stdout]   left: 4
[INFO] [stdout]  right: 10
[INFO] [stdout] stack backtrace:
[INFO] [stdout]    0:     0x5648a6a7f926 - std::backtrace_rs::backtrace::libunwind::trace::hd7a456af414d63de
[INFO] [stdout]                                at /rustc/2fe50cd72c476ebacdedb14893e9632b4de961c2/library/std/src/../../backtrace/src/backtrace/libunwind.rs:104:5
[INFO] [stdout]    1:     0x5648a6a7f926 - std::backtrace_rs::backtrace::trace_unsynchronized::h64867240ea973bd5
[INFO] [stdout]                                at /rustc/2fe50cd72c476ebacdedb14893e9632b4de961c2/library/std/src/../../backtrace/src/backtrace/mod.rs:66:5
[INFO] [stdout]    2:     0x5648a6a7f926 - std::sys_common::backtrace::_print_fmt::h2808b222ea4d26d0
[INFO] [stdout]                                at /rustc/2fe50cd72c476ebacdedb14893e9632b4de961c2/library/std/src/sys_common/backtrace.rs:68:5
[INFO] [stdout]    3:     0x5648a6a7f926 - <std::sys_common::backtrace::_print::DisplayBacktrace as core::fmt::Display>::fmt::h03f74bc036e21c80
[INFO] [stdout]                                at /rustc/2fe50cd72c476ebacdedb14893e9632b4de961c2/library/std/src/sys_common/backtrace.rs:44:22
[INFO] [stdout]    4:     0x5648a6aa88a0 - core::fmt::rt::Argument::fmt::h8121cad32ccb67f1
[INFO] [stdout]                                at /rustc/2fe50cd72c476ebacdedb14893e9632b4de961c2/library/core/src/fmt/rt.rs:142:9
[INFO] [stdout]    5:     0x5648a6aa88a0 - core::fmt::write::hba6738a49cae548f
[INFO] [stdout]                                at /rustc/2fe50cd72c476ebacdedb14893e9632b4de961c2/library/core/src/fmt/mod.rs:1120:17
[INFO] [stdout]    6:     0x5648a6a7d41f - std::io::Write::write_fmt::h998dc49ddc9bbda8
[INFO] [stdout]                                at /rustc/2fe50cd72c476ebacdedb14893e9632b4de961c2/library/std/src/io/mod.rs:1810:15
[INFO] [stdout]    7:     0x5648a6a7f704 - std::sys_common::backtrace::_print::h12e2732351687df5
[INFO] [stdout]                                at /rustc/2fe50cd72c476ebacdedb14893e9632b4de961c2/library/std/src/sys_common/backtrace.rs:47:5
[INFO] [stdout]    8:     0x5648a6a7f704 - std::sys_common::backtrace::print::h3977ff4fa70d37c3
[INFO] [stdout]                                at /rustc/2fe50cd72c476ebacdedb14893e9632b4de961c2/library/std/src/sys_common/backtrace.rs:34:9
[INFO] [stdout]    9:     0x5648a6a81477 - std::panicking::default_hook::{{closure}}::h3649b42de801f190
[INFO] [stdout]   10:     0x5648a6a8115d - std::panicking::default_hook::h3fb7ccab350417f5
[INFO] [stdout]                                at /rustc/2fe50cd72c476ebacdedb14893e9632b4de961c2/library/std/src/panicking.rs:289:9
[INFO] [stdout]   11:     0x5648a6a34757 - <alloc::boxed::Box<F,A> as core::ops::function::Fn<Args>>::call::hcac2ee49c7d5205e
[INFO] [stdout]                                at /rustc/2fe50cd72c476ebacdedb14893e9632b4de961c2/library/alloc/src/boxed.rs:2029:9
[INFO] [stdout]   12:     0x5648a6a34757 - test::test_main::{{closure}}::ha6dc19c93a11f2d1
[INFO] [stdout]                                at /rustc/2fe50cd72c476ebacdedb14893e9632b4de961c2/library/test/src/lib.rs:138:21
[INFO] [stdout]   13:     0x5648a6a81a96 - <alloc::boxed::Box<F,A> as core::ops::function::Fn<Args>>::call::h29b8e785b856bb23
[INFO] [stdout]                                at /rustc/2fe50cd72c476ebacdedb14893e9632b4de961c2/library/alloc/src/boxed.rs:2029:9
[INFO] [stdout]   14:     0x5648a6a81a96 - std::panicking::rust_panic_with_hook::h5efc89ef996de810
[INFO] [stdout]                                at /rustc/2fe50cd72c476ebacdedb14893e9632b4de961c2/library/std/src/panicking.rs:783:13
[INFO] [stdout]   15:     0x5648a6a817e2 - std::panicking::begin_panic_handler::{{closure}}::h6289f51ae1ae9efc
[INFO] [stdout]                                at /rustc/2fe50cd72c476ebacdedb14893e9632b4de961c2/library/std/src/panicking.rs:657:13
[INFO] [stdout]   16:     0x5648a6a7fe26 - std::sys_common::backtrace::__rust_end_short_backtrace::h9f143e0a9d826e65
[INFO] [stdout]                                at /rustc/2fe50cd72c476ebacdedb14893e9632b4de961c2/library/std/src/sys_common/backtrace.rs:171:18
[INFO] [stdout]   17:     0x5648a6a81540 - rust_begin_unwind
[INFO] [stdout]                                at /rustc/2fe50cd72c476ebacdedb14893e9632b4de961c2/library/std/src/panicking.rs:645:5
[INFO] [stdout]   18:     0x5648a698ecd5 - core::panicking::panic_fmt::h5b9d04f36fd68862
[INFO] [stdout]                                at /rustc/2fe50cd72c476ebacdedb14893e9632b4de961c2/library/core/src/panicking.rs:72:14
[INFO] [stdout]   19:     0x5648a698f10b - core::panicking::assert_failed_inner::he8bf6244a405549a
[INFO] [stdout]                                at /rustc/2fe50cd72c476ebacdedb14893e9632b4de961c2/library/core/src/panicking.rs:342:17
[INFO] [stdout]   20:     0x5648a69bc87e - core::panicking::assert_failed::h224c48b910806989
[INFO] [stdout]                                at /rustc/2fe50cd72c476ebacdedb14893e9632b4de961c2/library/core/src/panicking.rs:297:5
[INFO] [stdout]   21:     0x5648a69c896c - iterations::test_iterations_benchmark_with::h0543475aa9544a92
[INFO] [stdout]                                at /opt/rustwide/workdir/tests/iterations.rs:63:5
[INFO] [stdout]   22:     0x5648a69c87c7 - iterations::test_iterations_benchmark_with::{{closure}}::h48e2a270c2ff697e
[INFO] [stdout]                                at /opt/rustwide/workdir/tests/iterations.rs:62:36
[INFO] [stdout]   23:     0x5648a69fa0f6 - core::ops::function::FnOnce::call_once::h0fdf9e4fcdde120b
[INFO] [stdout]                                at /rustc/2fe50cd72c476ebacdedb14893e9632b4de961c2/library/core/src/ops/function.rs:250:5
[INFO] [stdout]   24:     0x5648a6a39f5f - core::ops::function::FnOnce::call_once::h547df4cc4781c42c
[INFO] [stdout]                                at /rustc/2fe50cd72c476ebacdedb14893e9632b4de961c2/library/core/src/ops/function.rs:250:5
[INFO] [stdout]   25:     0x5648a6a39f5f - test::__rust_begin_short_backtrace::h0751f8da0df8afc9
[INFO] [stdout]                                at /rustc/2fe50cd72c476ebacdedb14893e9632b4de961c2/library/test/src/lib.rs:627:18
[INFO] [stdout]   26:     0x5648a6a38db1 - test::run_test_in_process::{{closure}}::h08b7e2b944f5d3bf
[INFO] [stdout]                                at /rustc/2fe50cd72c476ebacdedb14893e9632b4de961c2/library/test/src/lib.rs:650:60
[INFO] [stdout]   27:     0x5648a6a38db1 - <core::panic::unwind_safe::AssertUnwindSafe<F> as core::ops::function::FnOnce<()>>::call_once::h4eabe934da23f6d3
[INFO] [stdout]                                at /rustc/2fe50cd72c476ebacdedb14893e9632b4de961c2/library/core/src/panic/unwind_safe.rs:272:9
[INFO] [stdout]   28:     0x5648a6a38db1 - std::panicking::try::do_call::h8bce2a819a83d75f
[INFO] [stdout]                                at /rustc/2fe50cd72c476ebacdedb14893e9632b4de961c2/library/std/src/panicking.rs:552:40
[INFO] [stdout]   29:     0x5648a6a38db1 - std::panicking::try::h8d0ad43ca1e9dfe4
[INFO] [stdout]                                at /rustc/2fe50cd72c476ebacdedb14893e9632b4de961c2/library/std/src/panicking.rs:516:19
[INFO] [stdout]   30:     0x5648a6a38db1 - std::panic::catch_unwind::h80c407981483a27f
[INFO] [stdout]                                at /rustc/2fe50cd72c476ebacdedb14893e9632b4de961c2/library/std/src/panic.rs:142:14
[INFO] [stdout]   31:     0x5648a6a38db1 - test::run_test_in_process::h34f4f1cf26878dcc
[INFO] [stdout]                                at /rustc/2fe50cd72c476ebacdedb14893e9632b4de961c2/library/test/src/lib.rs:650:27
[INFO] [stdout]   32:     0x5648a6a38db1 - test::run_test::{{closure}}::hf98423759bd4e4de
[INFO] [stdout]                                at /rustc/2fe50cd72c476ebacdedb14893e9632b4de961c2/library/test/src/lib.rs:573:43
[INFO] [stdout]   33:     0x5648a6a00146 - test::run_test::{{closure}}::h31f9214a9865a468
[INFO] [stdout]                                at /rustc/2fe50cd72c476ebacdedb14893e9632b4de961c2/library/test/src/lib.rs:601:41
[INFO] [stdout]   34:     0x5648a6a00146 - std::sys_common::backtrace::__rust_begin_short_backtrace::h97eebf57e64e4a3e
[INFO] [stdout]                                at /rustc/2fe50cd72c476ebacdedb14893e9632b4de961c2/library/std/src/sys_common/backtrace.rs:155:18
[INFO] [stdout]   35:     0x5648a6a05247 - std::thread::Builder::spawn_unchecked_::{{closure}}::{{closure}}::h10343cc6e645d5a7
[INFO] [stdout]                                at /rustc/2fe50cd72c476ebacdedb14893e9632b4de961c2/library/std/src/thread/mod.rs:529:17
[INFO] [stdout]   36:     0x5648a6a05247 - <core::panic::unwind_safe::AssertUnwindSafe<F> as core::ops::function::FnOnce<()>>::call_once::h7676f5746d51f304
[INFO] [stdout]                                at /rustc/2fe50cd72c476ebacdedb14893e9632b4de961c2/library/core/src/panic/unwind_safe.rs:272:9
[INFO] [stdout]   37:     0x5648a6a05247 - std::panicking::try::do_call::h76c69ddb47b6692d
[INFO] [stdout]                                at /rustc/2fe50cd72c476ebacdedb14893e9632b4de961c2/library/std/src/panicking.rs:552:40
[INFO] [stdout]   38:     0x5648a6a05247 - std::panicking::try::h231004126786543e
[INFO] [stdout]                                at /rustc/2fe50cd72c476ebacdedb14893e9632b4de961c2/library/std/src/panicking.rs:516:19
[INFO] [stdout]   39:     0x5648a6a05247 - std::panic::catch_unwind::h519133dc1360745e
[INFO] [stdout]                                at /rustc/2fe50cd72c476ebacdedb14893e9632b4de961c2/library/std/src/panic.rs:142:14
[INFO] [stdout]   40:     0x5648a6a05247 - std::thread::Builder::spawn_unchecked_::{{closure}}::h7c96b1538d88533f
[INFO] [stdout]                                at /rustc/2fe50cd72c476ebacdedb14893e9632b4de961c2/library/std/src/thread/mod.rs:528:30
[INFO] [stdout]   41:     0x5648a6a05247 - core::ops::function::FnOnce::call_once{{vtable.shim}}::h90e3a916fbad66da
[INFO] [stdout]                                at /rustc/2fe50cd72c476ebacdedb14893e9632b4de961c2/library/core/src/ops/function.rs:250:5
[INFO] [stdout]   42:     0x5648a6a86545 - <alloc::boxed::Box<F,A> as core::ops::function::FnOnce<Args>>::call_once::h12c26c313019b755
[INFO] [stdout]                                at /rustc/2fe50cd72c476ebacdedb14893e9632b4de961c2/library/alloc/src/boxed.rs:2015:9
[INFO] [stdout]   43:     0x5648a6a86545 - <alloc::boxed::Box<F,A> as core::ops::function::FnOnce<Args>>::call_once::h3a7c22937eaa10d1
[INFO] [stdout]                                at /rustc/2fe50cd72c476ebacdedb14893e9632b4de961c2/library/alloc/src/boxed.rs:2015:9
[INFO] [stdout]   44:     0x5648a6a86545 - std::sys::unix::thread::Thread::new::thread_start::h1ce303acc71f2e7d
[INFO] [stdout]                                at /rustc/2fe50cd72c476ebacdedb14893e9632b4de961c2/library/std/src/sys/unix/thread.rs:108:17
[INFO] [stdout]   45:     0x7fa45b6abac3 - <unknown>
[INFO] [stdout]   46:     0x7fa45b73cbf4 - __clone
[INFO] [stdout]   47:                0x0 - <unknown>
[INFO] [stdout] 
[INFO] [stdout] ---- test_iterations_benchmark stdout ----
[INFO] [stdout] thread 'test_iterations_benchmark' panicked at tests/iterations.rs:76:5:
[INFO] [stdout] assertion `left == right` failed
[INFO] [stdout]   left: 6
[INFO] [stdout]  right: 10
[INFO] [stdout] stack backtrace:
[INFO] [stdout]    0:     0x5648a6a7f926 - std::backtrace_rs::backtrace::libunwind::trace::hd7a456af414d63de
[INFO] [stdout]                                at /rustc/2fe50cd72c476ebacdedb14893e9632b4de961c2/library/std/src/../../backtrace/src/backtrace/libunwind.rs:104:5
[INFO] [stdout]    1:     0x5648a6a7f926 - std::backtrace_rs::backtrace::trace_unsynchronized::h64867240ea973bd5
[INFO] [stdout]                                at /rustc/2fe50cd72c476ebacdedb14893e9632b4de961c2/library/std/src/../../backtrace/src/backtrace/mod.rs:66:5
[INFO] [stdout]    2:     0x5648a6a7f926 - std::sys_common::backtrace::_print_fmt::h2808b222ea4d26d0
[INFO] [stdout]                                at /rustc/2fe50cd72c476ebacdedb14893e9632b4de961c2/library/std/src/sys_common/backtrace.rs:68:5
[INFO] [stdout]    3:     0x5648a6a7f926 - <std::sys_common::backtrace::_print::DisplayBacktrace as core::fmt::Display>::fmt::h03f74bc036e21c80
[INFO] [stdout]                                at /rustc/2fe50cd72c476ebacdedb14893e9632b4de961c2/library/std/src/sys_common/backtrace.rs:44:22
[INFO] [stdout]    4:     0x5648a6aa88a0 - core::fmt::rt::Argument::fmt::h8121cad32ccb67f1
[INFO] [stdout]                                at /rustc/2fe50cd72c476ebacdedb14893e9632b4de961c2/library/core/src/fmt/rt.rs:142:9
[INFO] [stdout]    5:     0x5648a6aa88a0 - core::fmt::write::hba6738a49cae548f
[INFO] [stdout]                                at /rustc/2fe50cd72c476ebacdedb14893e9632b4de961c2/library/core/src/fmt/mod.rs:1120:17
[INFO] [stdout]    6:     0x5648a6a7d41f - std::io::Write::write_fmt::h998dc49ddc9bbda8
[INFO] [stdout]                                at /rustc/2fe50cd72c476ebacdedb14893e9632b4de961c2/library/std/src/io/mod.rs:1810:15
[INFO] [stdout]    7:     0x5648a6a7f704 - std::sys_common::backtrace::_print::h12e2732351687df5
[INFO] [stdout]                                at /rustc/2fe50cd72c476ebacdedb14893e9632b4de961c2/library/std/src/sys_common/backtrace.rs:47:5
[INFO] [stdout]    8:     0x5648a6a7f704 - std::sys_common::backtrace::print::h3977ff4fa70d37c3
[INFO] [stdout]                                at /rustc/2fe50cd72c476ebacdedb14893e9632b4de961c2/library/std/src/sys_common/backtrace.rs:34:9
[INFO] [stdout]    9:     0x5648a6a81477 - std::panicking::default_hook::{{closure}}::h3649b42de801f190
[INFO] [stdout]   10:     0x5648a6a8115d - std::panicking::default_hook::h3fb7ccab350417f5
[INFO] [stdout]                                at /rustc/2fe50cd72c476ebacdedb14893e9632b4de961c2/library/std/src/panicking.rs:289:9
[INFO] [stdout]   11:     0x5648a6a34757 - <alloc::boxed::Box<F,A> as core::ops::function::Fn<Args>>::call::hcac2ee49c7d5205e
[INFO] [stdout]                                at /rustc/2fe50cd72c476ebacdedb14893e9632b4de961c2/library/alloc/src/boxed.rs:2029:9
[INFO] [stdout]   12:     0x5648a6a34757 - test::test_main::{{closure}}::ha6dc19c93a11f2d1
[INFO] [stdout]                                at /rustc/2fe50cd72c476ebacdedb14893e9632b4de961c2/library/test/src/lib.rs:138:21
[INFO] [stdout]   13:     0x5648a6a81a96 - <alloc::boxed::Box<F,A> as core::ops::function::Fn<Args>>::call::h29b8e785b856bb23
[INFO] [stdout]                                at /rustc/2fe50cd72c476ebacdedb14893e9632b4de961c2/library/alloc/src/boxed.rs:2029:9
[INFO] [stdout]   14:     0x5648a6a81a96 - std::panicking::rust_panic_with_hook::h5efc89ef996de810
[INFO] [stdout]                                at /rustc/2fe50cd72c476ebacdedb14893e9632b4de961c2/library/std/src/panicking.rs:783:13
[INFO] [stdout]   15:     0x5648a6a817e2 - std::panicking::begin_panic_handler::{{closure}}::h6289f51ae1ae9efc
[INFO] [stdout]                                at /rustc/2fe50cd72c476ebacdedb14893e9632b4de961c2/library/std/src/panicking.rs:657:13
[INFO] [stdout]   16:     0x5648a6a7fe26 - std::sys_common::backtrace::__rust_end_short_backtrace::h9f143e0a9d826e65
[INFO] [stdout]                                at /rustc/2fe50cd72c476ebacdedb14893e9632b4de961c2/library/std/src/sys_common/backtrace.rs:171:18
[INFO] [stdout]   17:     0x5648a6a81540 - rust_begin_unwind
[INFO] [stdout]                                at /rustc/2fe50cd72c476ebacdedb14893e9632b4de961c2/library/std/src/panicking.rs:645:5
[INFO] [stdout]   18:     0x5648a698ecd5 - core::panicking::panic_fmt::h5b9d04f36fd68862
[INFO] [stdout]                                at /rustc/2fe50cd72c476ebacdedb14893e9632b4de961c2/library/core/src/panicking.rs:72:14
[INFO] [stdout]   19:     0x5648a698f10b - core::panicking::assert_failed_inner::he8bf6244a405549a
[INFO] [stdout]                                at /rustc/2fe50cd72c476ebacdedb14893e9632b4de961c2/library/core/src/panicking.rs:342:17
[INFO] [stdout]   20:     0x5648a69bc87e - core::panicking::assert_failed::h224c48b910806989
[INFO] [stdout]                                at /rustc/2fe50cd72c476ebacdedb14893e9632b4de961c2/library/core/src/panicking.rs:297:5
[INFO] [stdout]   21:     0x5648a69c8a80 - iterations::test_iterations_benchmark::h4802ce8632e877d7
[INFO] [stdout]                                at /opt/rustwide/workdir/tests/iterations.rs:76:5
[INFO] [stdout]   22:     0x5648a69c89b7 - iterations::test_iterations_benchmark::{{closure}}::h2a0c8b729e60e8db
[INFO] [stdout]                                at /opt/rustwide/workdir/tests/iterations.rs:75:31
[INFO] [stdout]   23:     0x5648a69fa526 - core::ops::function::FnOnce::call_once::h9738a4bd56f25352
[INFO] [stdout]                                at /rustc/2fe50cd72c476ebacdedb14893e9632b4de961c2/library/core/src/ops/function.rs:250:5
[INFO] [stdout]   24:     0x5648a6a39f5f - core::ops::function::FnOnce::call_once::h547df4cc4781c42c
[INFO] [stdout]                                at /rustc/2fe50cd72c476ebacdedb14893e9632b4de961c2/library/core/src/ops/function.rs:250:5
[INFO] [stdout]   25:     0x5648a6a39f5f - test::__rust_begin_short_backtrace::h0751f8da0df8afc9
[INFO] [stdout]                                at /rustc/2fe50cd72c476ebacdedb14893e9632b4de961c2/library/test/src/lib.rs:627:18
[INFO] [stdout]   26:     0x5648a6a38db1 - test::run_test_in_process::{{closure}}::h08b7e2b944f5d3bf
[INFO] [stdout]                                at /rustc/2fe50cd72c476ebacdedb14893e9632b4de961c2/library/test/src/lib.rs:650:60
[INFO] [stdout]   27:     0x5648a6a38db1 - <core::panic::unwind_safe::AssertUnwindSafe<F> as core::ops::function::FnOnce<()>>::call_once::h4eabe934da23f6d3
[INFO] [stdout]                                at /rustc/2fe50cd72c476ebacdedb14893e9632b4de961c2/library/core/src/panic/unwind_safe.rs:272:9
[INFO] [stdout]   28:     0x5648a6a38db1 - std::panicking::try::do_call::h8bce2a819a83d75f
[INFO] [stdout]                                at /rustc/2fe50cd72c476ebacdedb14893e9632b4de961c2/library/std/src/panicking.rs:552:40
[INFO] [stdout]   29:     0x5648a6a38db1 - std::panicking::try::h8d0ad43ca1e9dfe4
[INFO] [stdout]                                at /rustc/2fe50cd72c476ebacdedb14893e9632b4de961c2/library/std/src/panicking.rs:516:19
[INFO] [stdout]   30:     0x5648a6a38db1 - std::panic::catch_unwind::h80c407981483a27f
[INFO] [stdout]                                at /rustc/2fe50cd72c476ebacdedb14893e9632b4de961c2/library/std/src/panic.rs:142:14
[INFO] [stdout]   31:     0x5648a6a38db1 - test::run_test_in_process::h34f4f1cf26878dcc
[INFO] [stdout]                                at /rustc/2fe50cd72c476ebacdedb14893e9632b4de961c2/library/test/src/lib.rs:650:27
[INFO] [stdout]   32:     0x5648a6a38db1 - test::run_test::{{closure}}::hf98423759bd4e4de
[INFO] [stdout]                                at /rustc/2fe50cd72c476ebacdedb14893e9632b4de961c2/library/test/src/lib.rs:573:43
[INFO] [stdout]   33:     0x5648a6a00146 - test::run_test::{{closure}}::h31f9214a9865a468
[INFO] [stdout]                                at /rustc/2fe50cd72c476ebacdedb14893e9632b4de961c2/library/test/src/lib.rs:601:41
[INFO] [stdout]   34:     0x5648a6a00146 - std::sys_common::backtrace::__rust_begin_short_backtrace::h97eebf57e64e4a3e
[INFO] [stdout]                                at /rustc/2fe50cd72c476ebacdedb14893e9632b4de961c2/library/std/src/sys_common/backtrace.rs:155:18
[INFO] [stdout]   35:     0x5648a6a05247 - std::thread::Builder::spawn_unchecked_::{{closure}}::{{closure}}::h10343cc6e645d5a7
[INFO] [stdout]                                at /rustc/2fe50cd72c476ebacdedb14893e9632b4de961c2/library/std/src/thread/mod.rs:529:17
[INFO] [stdout]   36:     0x5648a6a05247 - <core::panic::unwind_safe::AssertUnwindSafe<F> as core::ops::function::FnOnce<()>>::call_once::h7676f5746d51f304
[INFO] [stdout]                                at /rustc/2fe50cd72c476ebacdedb14893e9632b4de961c2/library/core/src/panic/unwind_safe.rs:272:9
[INFO] [stdout]   37:     0x5648a6a05247 - std::panicking::try::do_call::h76c69ddb47b6692d
[INFO] [stdout]                                at /rustc/2fe50cd72c476ebacdedb14893e9632b4de961c2/library/std/src/panicking.rs:552:40
[INFO] [stdout]   38:     0x5648a6a05247 - std::panicking::try::h231004126786543e
[INFO] [stdout]                                at /rustc/2fe50cd72c476ebacdedb14893e9632b4de961c2/library/std/src/panicking.rs:516:19
[INFO] [stdout]   39:     0x5648a6a05247 - std::panic::catch_unwind::h519133dc1360745e
[INFO] [stdout]                                at /rustc/2fe50cd72c476ebacdedb14893e9632b4de961c2/library/std/src/panic.rs:142:14
[INFO] [stdout]   40:     0x5648a6a05247 - std::thread::Builder::spawn_unchecked_::{{closure}}::h7c96b1538d88533f
[INFO] [stdout]                                at /rustc/2fe50cd72c476ebacdedb14893e9632b4de961c2/library/std/src/thread/mod.rs:528:30
[INFO] [stdout]   41:     0x5648a6a05247 - core::ops::function::FnOnce::call_once{{vtable.shim}}::h90e3a916fbad66da
[INFO] [stdout]                                at /rustc/2fe50cd72c476ebacdedb14893e9632b4de961c2/library/core/src/ops/function.rs:250:5
[INFO] [stdout]   42:     0x5648a6a86545 - <alloc::boxed::Box<F,A> as core::ops::function::FnOnce<Args>>::call_once::h12c26c313019b755
[INFO] [stdout]                                at /rustc/2fe50cd72c476ebacdedb14893e9632b4de961c2/library/alloc/src/boxed.rs:2015:9
[INFO] [stdout]   43:     0x5648a6a86545 - <alloc::boxed::Box<F,A> as core::ops::function::FnOnce<Args>>::call_once::h3a7c22937eaa10d1
[INFO] [stdout]                                at /rustc/2fe50cd72c476ebacdedb14893e9632b4de961c2/library/alloc/src/boxed.rs:2015:9
[INFO] [stdout]   44:     0x5648a6a86545 - std::sys::unix::thread::Thread::new::thread_start::h1ce303acc71f2e7d
[INFO] [stdout]                                at /rustc/2fe50cd72c476ebacdedb14893e9632b4de961c2/library/std/src/sys/unix/thread.rs:108:17
[INFO] [stdout]   45:     0x7fa45b6abac3 - <unknown>
[INFO] [stdout]   46:     0x7fa45b73cbf4 - __clone
[INFO] [stdout]   47:                0x0 - <unknown>
[INFO] [stdout] 
[INFO] [stdout] 
[INFO] [stdout] failures:
[INFO] [stdout]     test_iterations_benchmark
[INFO] [stdout]     test_iterations_benchmark_with
[INFO] [stdout] 
[INFO] [stdout] test result: FAILED. 4 passed; 2 failed; 0 ignored; 0 measured; 0 filtered out; finished in 0.18s
[INFO] [stdout] 
[INFO] running `Command { std: "docker" "inspect" "12da739382e91a811f60c64009bc7d877a7873edf4180e49c85ea008f16941b6", kill_on_drop: false }`
[INFO] running `Command { std: "docker" "rm" "-f" "12da739382e91a811f60c64009bc7d877a7873edf4180e49c85ea008f16941b6", kill_on_drop: false }`
[INFO] [stdout] 12da739382e91a811f60c64009bc7d877a7873edf4180e49c85ea008f16941b6
[INFO] testing benchy-0.1.1 against try#9c1665de5d324fe858dc15371578d6f928bfc123 for pr-116088-2
[INFO] extracting crate benchy 0.1.1 into /workspace/builds/worker-6-tc2/source
[INFO] validating manifest of crates.io crate benchy 0.1.1 on toolchain 9c1665de5d324fe858dc15371578d6f928bfc123
[INFO] running `Command { std: CARGO_HOME="/workspace/cargo-home" RUSTUP_HOME="/workspace/rustup-home" "/workspace/cargo-home/bin/cargo" "+9c1665de5d324fe858dc15371578d6f928bfc123" "metadata" "--manifest-path" "Cargo.toml" "--no-deps", kill_on_drop: false }`
[INFO] started tweaking crates.io crate benchy 0.1.1
[INFO] finished tweaking crates.io crate benchy 0.1.1
[INFO] tweaked toml for crates.io crate benchy 0.1.1 written to /workspace/builds/worker-6-tc2/source/Cargo.toml
[INFO] running `Command { std: CARGO_HOME="/workspace/cargo-home" RUSTUP_HOME="/workspace/rustup-home" "/workspace/cargo-home/bin/cargo" "+9c1665de5d324fe858dc15371578d6f928bfc123" "generate-lockfile" "--manifest-path" "Cargo.toml", kill_on_drop: false }`
[INFO] [stderr]     Updating crates.io index
[INFO] running `Command { std: CARGO_HOME="/workspace/cargo-home" RUSTUP_HOME="/workspace/rustup-home" "/workspace/cargo-home/bin/cargo" "+9c1665de5d324fe858dc15371578d6f928bfc123" "fetch" "--manifest-path" "Cargo.toml", kill_on_drop: false }`
[INFO] running `Command { std: "docker" "create" "-v" "/var/lib/crater-agent-workspace/builds/worker-6-tc2/target:/opt/rustwide/target:rw,Z" "-v" "/var/lib/crater-agent-workspace/builds/worker-6-tc2/source:/opt/rustwide/workdir:ro,Z" "-v" "/var/lib/crater-agent-workspace/cargo-home:/opt/rustwide/cargo-home:ro,Z" "-v" "/var/lib/crater-agent-workspace/rustup-home:/opt/rustwide/rustup-home:ro,Z" "-e" "SOURCE_DIR=/opt/rustwide/workdir" "-e" "CARGO_TARGET_DIR=/opt/rustwide/target" "-e" "CARGO_HOME=/opt/rustwide/cargo-home" "-e" "RUSTUP_HOME=/opt/rustwide/rustup-home" "-w" "/opt/rustwide/workdir" "-m" "1610612736" "--user" "0:0" "--network" "none" "ghcr.io/rust-lang/crates-build-env/linux@sha256:2788e3201cd34a07e3172128adcd8b3090168a8e3bcc40d7c032b9dda1df7d1c" "/opt/rustwide/cargo-home/bin/cargo" "+9c1665de5d324fe858dc15371578d6f928bfc123" "metadata" "--no-deps" "--format-version=1", kill_on_drop: false }`
[INFO] [stdout] 1f0e7a9a64d9c95eafd4c299e07f468d65b5643dab3c7aaf4c94c8ec6cfb635b
[INFO] running `Command { std: "docker" "start" "-a" "1f0e7a9a64d9c95eafd4c299e07f468d65b5643dab3c7aaf4c94c8ec6cfb635b", kill_on_drop: false }`
[INFO] running `Command { std: "docker" "inspect" "1f0e7a9a64d9c95eafd4c299e07f468d65b5643dab3c7aaf4c94c8ec6cfb635b", kill_on_drop: false }`
[INFO] running `Command { std: "docker" "rm" "-f" "1f0e7a9a64d9c95eafd4c299e07f468d65b5643dab3c7aaf4c94c8ec6cfb635b", kill_on_drop: false }`
[INFO] [stdout] 1f0e7a9a64d9c95eafd4c299e07f468d65b5643dab3c7aaf4c94c8ec6cfb635b
[INFO] running `Command { std: "docker" "create" "-v" "/var/lib/crater-agent-workspace/builds/worker-6-tc2/target:/opt/rustwide/target:rw,Z" "-v" "/var/lib/crater-agent-workspace/builds/worker-6-tc2/source:/opt/rustwide/workdir:ro,Z" "-v" "/var/lib/crater-agent-workspace/cargo-home:/opt/rustwide/cargo-home:ro,Z" "-v" "/var/lib/crater-agent-workspace/rustup-home:/opt/rustwide/rustup-home:ro,Z" "-e" "SOURCE_DIR=/opt/rustwide/workdir" "-e" "CARGO_TARGET_DIR=/opt/rustwide/target" "-e" "CARGO_INCREMENTAL=0" "-e" "RUST_BACKTRACE=full" "-e" "RUSTFLAGS=--cap-lints=forbid" "-e" "RUSTDOCFLAGS=--cap-lints=forbid" "-e" "CARGO_HOME=/opt/rustwide/cargo-home" "-e" "RUSTUP_HOME=/opt/rustwide/rustup-home" "-w" "/opt/rustwide/workdir" "-m" "1610612736" "--user" "0:0" "--network" "none" "ghcr.io/rust-lang/crates-build-env/linux@sha256:2788e3201cd34a07e3172128adcd8b3090168a8e3bcc40d7c032b9dda1df7d1c" "/opt/rustwide/cargo-home/bin/cargo" "+9c1665de5d324fe858dc15371578d6f928bfc123" "build" "--frozen" "--message-format=json", kill_on_drop: false }`
[INFO] [stdout] f7ef819c52d614e647278881a3c0fcf5c541bb043eaf1939c9cea83741ed57ec
[INFO] running `Command { std: "docker" "start" "-a" "f7ef819c52d614e647278881a3c0fcf5c541bb043eaf1939c9cea83741ed57ec", kill_on_drop: false }`
[INFO] [stderr]    Compiling proc-macro2 v1.0.71
[INFO] [stderr]    Compiling unicode-ident v1.0.12
[INFO] [stderr]    Compiling libc v0.2.151
[INFO] [stderr]    Compiling serde v1.0.193
[INFO] [stderr]    Compiling serde_json v1.0.108
[INFO] [stderr]    Compiling bitflags v2.4.1
[INFO] [stderr]    Compiling itoa v1.0.10
[INFO] [stderr]    Compiling ryu v1.0.16
[INFO] [stderr]    Compiling cfg-if v1.0.0
[INFO] [stderr]    Compiling quote v1.0.33
[INFO] [stderr]    Compiling syn v2.0.43
[INFO] [stderr]    Compiling nix v0.27.1
[INFO] [stderr]    Compiling memory-stats v1.1.0
[INFO] [stderr]    Compiling serde_derive v1.0.193
[INFO] [stderr]    Compiling benchy-macros v0.1.1
[INFO] [stderr]    Compiling benchy v0.1.1 (/opt/rustwide/workdir)
[INFO] [stderr]     Finished dev [unoptimized + debuginfo] target(s) in 11.02s
[INFO] running `Command { std: "docker" "inspect" "f7ef819c52d614e647278881a3c0fcf5c541bb043eaf1939c9cea83741ed57ec", kill_on_drop: false }`
[INFO] running `Command { std: "docker" "rm" "-f" "f7ef819c52d614e647278881a3c0fcf5c541bb043eaf1939c9cea83741ed57ec", kill_on_drop: false }`
[INFO] [stdout] f7ef819c52d614e647278881a3c0fcf5c541bb043eaf1939c9cea83741ed57ec
[INFO] running `Command { std: "docker" "create" "-v" "/var/lib/crater-agent-workspace/builds/worker-6-tc2/target:/opt/rustwide/target:rw,Z" "-v" "/var/lib/crater-agent-workspace/builds/worker-6-tc2/source:/opt/rustwide/workdir:ro,Z" "-v" "/var/lib/crater-agent-workspace/cargo-home:/opt/rustwide/cargo-home:ro,Z" "-v" "/var/lib/crater-agent-workspace/rustup-home:/opt/rustwide/rustup-home:ro,Z" "-e" "SOURCE_DIR=/opt/rustwide/workdir" "-e" "CARGO_TARGET_DIR=/opt/rustwide/target" "-e" "CARGO_INCREMENTAL=0" "-e" "RUST_BACKTRACE=full" "-e" "RUSTFLAGS=--cap-lints=forbid" "-e" "RUSTDOCFLAGS=--cap-lints=forbid" "-e" "CARGO_HOME=/opt/rustwide/cargo-home" "-e" "RUSTUP_HOME=/opt/rustwide/rustup-home" "-w" "/opt/rustwide/workdir" "-m" "1610612736" "--user" "0:0" "--network" "none" "ghcr.io/rust-lang/crates-build-env/linux@sha256:2788e3201cd34a07e3172128adcd8b3090168a8e3bcc40d7c032b9dda1df7d1c" "/opt/rustwide/cargo-home/bin/cargo" "+9c1665de5d324fe858dc15371578d6f928bfc123" "test" "--frozen" "--no-run" "--message-format=json", kill_on_drop: false }`
[INFO] [stdout] fe1cff74503507063f98b13d7a4697450b5cc7c715aa4488a3ee7768f85a702d
[INFO] running `Command { std: "docker" "start" "-a" "fe1cff74503507063f98b13d7a4697450b5cc7c715aa4488a3ee7768f85a702d", kill_on_drop: false }`
[INFO] [stderr]    Compiling benchy v0.1.1 (/opt/rustwide/workdir)
[INFO] [stderr]     Finished test [unoptimized + debuginfo] target(s) in 1.91s
[INFO] running `Command { std: "docker" "inspect" "fe1cff74503507063f98b13d7a4697450b5cc7c715aa4488a3ee7768f85a702d", kill_on_drop: false }`
[INFO] running `Command { std: "docker" "rm" "-f" "fe1cff74503507063f98b13d7a4697450b5cc7c715aa4488a3ee7768f85a702d", kill_on_drop: false }`
[INFO] [stdout] fe1cff74503507063f98b13d7a4697450b5cc7c715aa4488a3ee7768f85a702d
[INFO] running `Command { std: "docker" "create" "-v" "/var/lib/crater-agent-workspace/builds/worker-6-tc2/target:/opt/rustwide/target:rw,Z" "-v" "/var/lib/crater-agent-workspace/builds/worker-6-tc2/source:/opt/rustwide/workdir:ro,Z" "-v" "/var/lib/crater-agent-workspace/cargo-home:/opt/rustwide/cargo-home:ro,Z" "-v" "/var/lib/crater-agent-workspace/rustup-home:/opt/rustwide/rustup-home:ro,Z" "-e" "SOURCE_DIR=/opt/rustwide/workdir" "-e" "CARGO_TARGET_DIR=/opt/rustwide/target" "-e" "CARGO_INCREMENTAL=0" "-e" "RUST_BACKTRACE=full" "-e" "RUSTFLAGS=--cap-lints=forbid" "-e" "RUSTDOCFLAGS=--cap-lints=forbid" "-e" "CARGO_HOME=/opt/rustwide/cargo-home" "-e" "RUSTUP_HOME=/opt/rustwide/rustup-home" "-w" "/opt/rustwide/workdir" "-m" "1610612736" "--user" "0:0" "--network" "none" "ghcr.io/rust-lang/crates-build-env/linux@sha256:2788e3201cd34a07e3172128adcd8b3090168a8e3bcc40d7c032b9dda1df7d1c" "/opt/rustwide/cargo-home/bin/cargo" "+9c1665de5d324fe858dc15371578d6f928bfc123" "test" "--frozen", kill_on_drop: false }`
[INFO] [stdout] 2c3c244d0cc4ea2479999c7de912b7114bc3dfd4fd75a1c203357be9c5b46415
[INFO] running `Command { std: "docker" "start" "-a" "2c3c244d0cc4ea2479999c7de912b7114bc3dfd4fd75a1c203357be9c5b46415", kill_on_drop: false }`
[INFO] [stderr]     Finished test [unoptimized + debuginfo] target(s) in 0.11s
[INFO] [stderr]      Running unittests src/lib.rs (/opt/rustwide/target/debug/deps/benchy-2c75cdcf93f027a7)
[INFO] [stdout] 
[INFO] [stdout] running 0 tests
[INFO] [stdout] 
[INFO] [stdout] test result: ok. 0 passed; 0 failed; 0 ignored; 0 measured; 0 filtered out; finished in 0.00s
[INFO] [stdout] 
[INFO] [stderr]      Running tests/empty.rs (/opt/rustwide/target/debug/deps/empty-935d6a84534f4962)
[INFO] [stdout] 
[INFO] [stdout] running 2 tests
[INFO] [stderr]      Running tests/iterations.rs (/opt/rustwide/target/debug/deps/iterations-fbd8d4160103aa0b)
[INFO] [stdout] test empty ... ok
[INFO] [stdout] test empty_with_name ... ok
[INFO] [stdout] 
[INFO] [stdout] test result: ok. 2 passed; 0 failed; 0 ignored; 0 measured; 0 filtered out; finished in 0.01s
[INFO] [stdout] 
[INFO] [stdout] 
[INFO] [stdout] running 6 tests
[INFO] [stdout] test test_iterations_benchmark_5 ... ok
[INFO] [stdout] test test_iterations_sleep_5 ... ok
[INFO] [stdout] test test_iterations_benchmark ... FAILED
[INFO] [stdout] test test_iterations_benchmark_with has been running for over 60 seconds
[INFO] [stdout] test test_iterations_benchmark_with_5 has been running for over 60 seconds
[INFO] [stdout] test test_iterations_sleep_10 has been running for over 60 seconds
[ERROR] error running command: no output for 300 seconds
[INFO] running `Command { std: "docker" "inspect" "2c3c244d0cc4ea2479999c7de912b7114bc3dfd4fd75a1c203357be9c5b46415", kill_on_drop: false }`
[INFO] running `Command { std: "docker" "rm" "-f" "2c3c244d0cc4ea2479999c7de912b7114bc3dfd4fd75a1c203357be9c5b46415", kill_on_drop: false }`
[INFO] [stdout] 2c3c244d0cc4ea2479999c7de912b7114bc3dfd4fd75a1c203357be9c5b46415
